ulate (-3 - -8) + 56 + 2 + -43.
20
145 + -104 + (-4 - -56)
93
What is the value of (2 - -51) + (2620 - 2593)?
80
-59 + (-25 - -70 - 51) + (-2 - -2)
-65
Evaluate 204 + -97 + (-1 - 3) + -5 - (0 + 1).
97
Evaluate 8 + (-8 - 75 - -72).
-3
Calculate (-6 - -4) + 13 - ((-12 - (-16 - -8)) + 4).
11
What is the value of -200 + 224 + 4 + -50?
-22
Calculate -19 + (2 - (10 + (-6 - -10 - 23))).
-8
Calculate 34 + 0 + 0 - (229 + -252 + (13 - -12)).
32
What is -46 + (-102 - -15 - -86)?
-47
Evaluate (-4 - (7 + (-127 - -109 - (-2 + -6)))) + -51.
-52
What is (36 + (12 - 2) - -21) + -5?
62
What is the value of 50 + -46 + 14 + (-18 - -21) + -110?
-89
Evaluate 2 + 26 - (-477 - -512).
-7
Calculate 3 + 3 + 2 - (-17 + (60 - -23)).
-58
What is -1 + 84 - (61 - ((-1 - 43) + 102))?
80
What is 90 + (43 - 214) - -91?
10
(54 + 32 - 120) + (98 - -5)
69
Calculate 31 + -35 + -227 + 164.
-67
What is the value of -1 - 18 - (-26 + (-80 - -46))?
41
What is the value of 52 - (-1 + (1 - -2) + -6 + (-8 - -5))?
59
14 - ((-136 - -82) + 131)
-63
Calculate (7 - (1 + 5) - 9) + (-45 - (-9 + 2)).
-46
32 + 1 + (-831 - -830)
32
-8 + (15 - 16) + 0 - 8
-17
-153 - 6 - (-85 + -6)
-68
Calculate 21 - (-2 - (22 - 24)).
21
1792 + -1823 - (4 - 0)
-35
Calculate 8 + (8 - (53 - 16)) + -21.
-42
Calculate -81 + 97 + (15 - 20).
11
What is -30 - (-4 + (17 - -2) + (-8 - 5))?
-32
What is the value of (45 + 0 - (171 + -171)) + -24?
21
10 - (-30 + 44 + -6 + -1 - -8)
-5
Evaluate 1384 - 1438 - (2 + -119).
63
What is the value of -22 + (-16 - (-11 - -2) - (61 - 13))?
-77
What is -65 - (-14 + -33) - -22?
4
What is the value of (-2 - (-40 - -55)) + (-2 - 2) - -76?
55
What is the value of 6 + -4 - 3 - (-5 + -1 + -5) - -1?
11
Evaluate 32 - (13 + -20 + (-18 - 23)).
80
What is (-16 - -139) + 37 - 75?
85
What is -54 - -129 - 80 - (-3 + 17)?
-19
Calculate -13 - (-456 + 503 + (-9 - (1 + -1))).
-51
What is -3 + (-15 - -4) + 48 + -81 + -4?
-51
Evaluate 18 + -104 + (-7 - (10 + -8) - -27).
-68
Calculate (-12 - -22) + (-16 - -15) + 4 + 28 + -3.
38
Evaluate (0 - 1 - (18 + -35 + 23)) + -15.
-22
42 + 2 + (65 - (30 - -19)) + (0 - 9)
51
What is (-7 + -13 - -6) + (56 - 9)?
33
Evaluate (-2 - ((-1 - -2) + (-18 - -15))) + -4 + 2.
-2
What is the value of (45 - 0) + -12 + 2 - (2 + (16 - 14))?
31
Evaluate 5 + 9 + 15 + (6 + -6 - 7).
22
Evaluate (128 - 122) + -4 + -1 + 47 + -1.
47
Evaluate 33 - (114 - (-53 - -14)) - 12.
-132
What is 19 - ((32 - 102) + 168)?
-79
What is -2 + (166 - 112) - ((-1 - 0) + 10)?
43
What is the value of 1 + 3 - -43 - (2000 + -1997)?
44
What is the value of (-83 - -1) + -1482 + 1589?
25
10 + 19 + 5 + -14 + -69
-49
What is 50 - (-7 + (32 - 24))?
49
What is 74 - (-1 - (3 + 3 + -26 + 12) - 3)?
70
Calculate 4 + -3 + 3 + (-1143 - -1186).
47
Calculate -6 + (17 - (22 - 9 - 5)) + 13.
16
Calculate -6 + (27 + -61 + 28 - (2 + -46)).
32
Evaluate 16 - 1 - (66 + 63 + -130) - -14.
30
What is the value of 86 + -34 + -75 + 25 - (1 - (0 - -6))?
7
Evaluate (-17 - -16) + -8 - (4 + (-5 - 86)) - 11.
67
Calculate (-43 + 128 - 19) + -1 + -3 + 19.
81
What is the value of (52 - 42) + 39 + -46?
3
Evaluate (22 - (2 - -25) - 20) + 10 - (0 - 74).
59
What is the value of -12 - (11 + (9 - 21) - -6)?
-17
What is 5 + -2 + (-5 - -14) + -9 + -61 + -1?
-59
(-4 - (1 + 83)) + -61 + (122 - 48)
-75
Calculate 35 + -32 + 104 + -61.
46
-36 - ((-10 - 83) + 53)
4
Evaluate 140 - (-29 - -156 - 33).
46
What is -21 - ((13 - -76) + -1)?
-109
What is -3 - (-23 + 19 + -17) - 52?
-34
Calculate -2 + (-2 - 78) - (-73 + 56 - (2 + -8)).
-71
(-30 - (-57 + 50)) + -8
-31
(-3 - (4 - 7)) + -17 + 29 + 3 + -15
0
-9 - -2 - (4 + 15 - (82 + -7))
49
What is -25 - (-152 + 15 + 20) - -23?
115
155 + 57 + -167 + -39
6
What is -119 + -71 + 125 - -82?
17
Calculate (-13 - (45 + 4 + 15)) + (-1 - -2) + -17.
-93
-11 + 8 + (-14 - -4) - (-3 + -43)
33
What is -41 - (5 - (18 + 9 + 4 + -23))?
-38
What is the value of -2 - (-1 + 5 + 52 + -53) - 63?
-68
Calculate 119 - (137 - (40 + 9)).
31
43 + 12 - (11 + -14 + 12 + 4)
42
-16 + -22 + (68 - -44)
74
58 + 1 + 14 + 1197 + -1182
88
What is -26 - ((-8 - -38) + -67)?
11
What is the value of 3 + (0 + -75 - -5) + -14 + 22 + -15?
-74
Calculate 20 + -9 - (6 + 0 + 13 - 14).
6
What is -14 + 0 + -1 + (-66 - -108)?
27
Calculate 53 + (-118 - -19) + (-25 - -5).
-66
Calculate (-9 - (-95 + 73)) + (5 - 2 - 41).
-25
What is (81 - 17 - 68) + 44 + -2?
38
What is the value of 1 - (129 - 107 - (16 + 0))?
-5
Evaluate -19 + 32 + -29 + 6 + 0 - (-25 + 90).
-75
Calculate 44 + (-2 + 2 + -5 + 6 - -9).
54
Calculate -18 + -7 - -5 - -27 - (-1 - (-1 - 15)).
-8
20 + (12 - (9 + 26 + -41))
38
What is the value of -27 + -43 + (-138 - -135)?
-73
What is -528 + 518 + -46 + 2 - (2 - 13)?
-43
Evaluate -14 + 1 + (-31 - -20 - (0 + -72)).
48
Evaluate -1 - ((2 - 11) + -16 + 4 + 16).
4
What is (1 - -28) + (-662 - -618) - -31?
16
Calculate 4 + 55 + 106 + -142.
23
1 - (-6 + 31 + 18 + -31 + 5)
-16
Evaluate -3 - -86 - -6 - (-622 - -636).
75
0 - (3 + -85 - (49 + (-84 - -13)))
60
(-3 - -2) + 7 + (2310 - 2400)
-84
3 - ((-36 - -35 - 21) + -42)
67
Calculate 8 - ((-2 - (10 + (-7 - 11))) + -35 + 6).
31
What is 1 + -19 - (-2 - (-42 + -20 + 57))?
-21
Calculate -142 - (-325 - -129) - (-1 + -41).
96
Calculate 49 - (-33 + 23 - (24 - (-17 + 31))).
69
23 + (-391 + 409 - (0 + 6))
35
What is the value of (-23 - -25) + 41 + (-31 - -51)?
63
What is the value of (2 - (-19 - 14)) + -45?
-10
(-1 - (56 - (0 + (5 - 6)))) + -247 + 261
-44
What is (-85 - -119) + -19 + -6 + 3 + 1?
13
(13 + 13 + -35 + 16 - (18 + -1)) + -10
-20
-6 - 38 - (23 - (2 - -25))
-40
Evaluate -11 - 1 - (16 - (2 + -15 + 37 + -17)).
-21
Calculate -6 - (-2 - (-3 - -4 - 61)) - (32 - 34).
-62
What is 64 - (-72 + (28 - -42))?
66
Calculate 20 + -46 - (14 + (7 - 8)).
-39
Calculate -13 - (1 - 3) - (23 + (-30 - -19)).
-23
Calculate (36 - 119) + -2 + -31.
-116
What is the value of (-18 - -5) + (-52 + 28 - -13)?
-24
What is (58 - (-15 + 81)) + 2 + (-1 - 1)?
-8
What is the value of 78 + (9 - (1 + 4) - (-46 - -64))?
64
Calculate (-1 + 8 - (-59 - -79)) + 8.
-5
Evaluate (44 + -32 - 26) + (-3 - -12 - 76).
-81
157 - (-138 + 63 - -136)
96
Calculate 111 + -56 + -78 - 24.
-47
What is the value of -137 + 158 + -103 + -22?
-104
What is 5 + -13 + 13 + -6 - -4?
3
Evaluate (-3 - 2) + (95 - 149) + 45.
-14
What is the value of -11 - (-14 - (-1 - (9 - -3)) - -4)?
-14
Evaluate 85 + (-463 - -491 - (57 + 1)).
55
What is 61 - 7 - (-80 + 181)?
-47
Calculate 28 + -6 + 10 + 0 + 8 + 9 + -14.
35
What is the value of (10 - 0) + -11 - (6 - (-5 + 1))?
-11
What is the value of -5 - (1962 + -1914 + (2 - 82))?
27
(5 + 1 - (-5 + 5)) + 12 + -22 - 3
-7
-26 - (9 + -23 + -17 - 13)
18
What is the value of -6 + (5 - 1) - (87 - 94)?
5
What is 0 + (0 + 14 - (-13 + -5 + 78))?
-46
Calculate 11 + (-54 + 25 + -10 - (-11 - 4)).
-13
What is -132 - (1 + 0) - (44 + (-34 - (-27 - -40)))?
-130
(-2 - 5 - -25) + (-2 - -31)
47
7 + -4 + -2 - 13 - (17 - (-25 + 40))
-14
Evaluate 1 + 9 + (-77 - (-20 - -38) - (6 - 8)).
-83
What is the value of -87 - (-1 - -2) - (53 - 54 - -63 - 50)?
-100
-5 - -17 - (-19 - -10 - 6)
27
Evaluate 9 + 0 + 2 - (-88 - -132 - 118).
85
Evaluate -16 - (36 - 65) - (2 - -51).
-40
What is the value of 9 + -7 + 6 - (-4 - (3 + -2 + -3))?
10
What is the value of 21 - (-1066 + 1095 + 0 + 48)?
-56
Evaluate 143 + -92 - (-12 - -130).
-67
What is 6 - ((-2 - -112) + (-59 - -57) + -14 - -10)?
-98
Evaluate (-7 - 1 - (2 - 1)) + 2 + 35.
28
Calculate -34 - -1 - -43 - (2 + -6) - -12.
26
What is the value of 44 + 0 + -266 + 274?
52
Evaluate 7 + -20 + 3 - (-3 + -15 + 16 + -6).
-2
What is (-6 - (3 - 45)) + 1 + 16 + -10 + 6?
49
What is 27 - (1 + (-10 - (-21 + 9)) - 6)?
30
Evaluate 0 + -38 - (-43 + 23 + 1 - (-5 - 2)).
-26
What is the value of (1 - 4) + 16 + (16 - 19) + 3?
13
What is the value of (-14 - (-5 - (24 + -10))) + -6 + -50 + -2?
-53
-48 + (25 - (-41 + -3))
21
Calculate -49 + 3 + 8 + -11 + (9 - 0) + -2.
-42
Evaluate -2 - -1 - ((-47 + 1 + 14 - -14) + -16).
33
15 + -3 - ((-35 - -35) + (-34 - 18))
64
What is 1 + 106 - (18559 - 18437)?
-15
19 + 9 + -17 + (11 - 0) + -7 + -106
-91
What is -1 - -51 - (-176 - -493 - 175)?
-92
What is the value of -59 + 2 + 8483 + -8391?
35
Evaluate (-2 - -21) + (4258 - 4347).
-70
What is -10769 + 10735 + 0 + 122?
88
What is 113 - (36 - -67) - (27 - (-1 + 0 + 4))?
-14
-79 - (-14 + -55) - 27
-